 common factor of 13558532 and 68107.
5239
What is the highest common factor of 11436 and 2548?
4
What is the greatest common divisor of 79346 and 26578?
194
What is the highest common factor of 7332 and 56766?
6
Calculate the greatest common divisor of 7724736 and 448.
64
What is the greatest common divisor of 6155920 and 12?
4
Calculate the greatest common factor of 480 and 133302300.
60
Calculate the highest common factor of 1403587 and 310.
31
What is the greatest common divisor of 88 and 16972408?
8
Calculate the highest common factor of 278694 and 288222.
2382
What is the greatest common divisor of 32490 and 130679910?
1710
What is the greatest common divisor of 189526 and 15826?
386
Calculate the highest common divisor of 6864 and 2141997.
429
Calculate the highest common factor of 37784314 and 298.
298
Calculate the highest common factor of 4597604 and 506.
22
Calculate the greatest common factor of 3723 and 384999.
51
Calculate the greatest common factor of 506097 and 59625.
477
What is the highest common factor of 200560 and 21582?
218
Calculate the highest common divisor of 1170 and 11514945.
195
What is the highest common divisor of 2393544 and 2256?
24
Calculate the highest common divisor of 11374 and 54934.
242
Calculate the greatest common divisor of 14362 and 568468.
334
Calculate the highest common factor of 6648242 and 678.
226
What is the greatest common factor of 49 and 58220134?
49
What is the highest common divisor of 32040 and 237630?
2670
What is the greatest common divisor of 37121236 and 41972?
5996
Calculate the highest common factor of 14 and 2506854.
14
What is the highest common factor of 4 and 78059558?
2
What is the greatest common factor of 663 and 26947245?
39
What is the highest common factor of 2481842142 and 234?
234
What is the highest common divisor of 19733234 and 1803?
601
What is the greatest common factor of 4528 and 240332656?
4528
What is the highest common divisor of 1157 and 89167?
13
Calculate the highest common divisor of 3926 and 3950674.
26
What is the greatest common factor of 4516440 and 1310280?
7320
What is the greatest common divisor of 6144 and 652368?
48
What is the greatest common factor of 29218 and 46571?
7
What is the greatest common factor of 3358 and 132422?
146
Calculate the greatest common divisor of 137 and 132280487.
137
What is the highest common divisor of 323183093 and 5948?
1487
Calculate the highest common divisor of 21120 and 39535584.
1056
What is the highest common factor of 6889309 and 3809?
293
Calculate the greatest common divisor of 50 and 11158825.
25
What is the highest common factor of 170 and 205752540?
10
What is the highest common divisor of 15200 and 3910656?
608
What is the highest common divisor of 9324 and 719208?
252
What is the greatest common factor of 16 and 33266928?
16
What is the greatest common factor of 50 and 295952050?
50
What is the greatest common factor of 21 and 67312077?
21
Calculate the greatest common factor of 62468766 and 774.
774
What is the highest common factor of 1109977136 and 24?
8
Calculate the greatest common divisor of 5792411 and 2369.
103
Calculate the greatest common factor of 1544638 and 158404.
398
Calculate the highest common divisor of 148 and 736892222.
74
What is the highest common factor of 3426 and 1221840?
6
What is the highest common factor of 3663188 and 1016?
508
What is the greatest common divisor of 35 and 3306317?
7
Calculate the highest common divisor of 10176 and 11840412.
636
Calculate the greatest common divisor of 1305 and 126963.
9
What is the greatest common factor of 382489948 and 188?
188
Calculate the highest common factor of 2348984 and 352.
88
What is the greatest common factor of 2763950 and 70490?
3710
What is the highest common factor of 345204 and 55212?
516
What is the greatest common divisor of 17366096 and 16?
16
What is the greatest common divisor of 3150520 and 474?
158
Calculate the highest common divisor of 478251635 and 1255.
1255
What is the highest common factor of 737 and 2758778?
11
Calculate the greatest common divisor of 1884 and 6852.
12
Calculate the highest common divisor of 141489920 and 40.
40
Calculate the greatest common factor of 523178 and 6830.
1366
What is the greatest common factor of 832 and 22401496?
104
Calculate the highest common divisor of 45 and 283740.
15
What is the greatest common divisor of 1547 and 14570717?
119
What is the greatest common factor of 350410800 and 32?
16
What is the greatest common factor of 24122196 and 378?
126
What is the highest common factor of 6098632 and 24?
8
What is the greatest common factor of 5438823 and 312?
39
Calculate the highest common divisor of 5353702 and 55878.
134
Calculate the highest common factor of 2536 and 224436.
1268
Calculate the greatest common divisor of 156 and 895295388.
156
Calculate the greatest common divisor of 4278 and 8618.
62
What is the greatest common divisor of 2148 and 2810837?
179
What is the highest common factor of 20735 and 56691085?
1595
Calculate the greatest common factor of 1188 and 345501.
9
Calculate the highest common divisor of 20870 and 8654.
2
What is the greatest common divisor of 17168 and 44931875?
1073
Calculate the highest common divisor of 40 and 424598496.
8
Calculate the highest common divisor of 177540829 and 37457.
5351
What is the highest common factor of 4165052 and 15572?
916
Calculate the greatest common factor of 48028395 and 120.
15
Calculate the greatest common factor of 3029462 and 2.
2
Calculate the greatest common factor of 31709270 and 110.
10
What is the highest common divisor of 4941342 and 9?
9
What is the greatest common factor of 1036083 and 63771?
87
What is the highest common divisor of 395574 and 174?
6
What is the greatest common factor of 25950304 and 152?
8
What is the greatest common divisor of 33155815 and 1155?
385
What is the greatest common divisor of 103945048 and 37468?
2204
What is the highest common divisor of 149 and 609244759?
149
Calculate the greatest common factor of 162607522 and 1155.
77
Calculate the greatest common factor of 140247681 and 21.
21
Calculate the highest common factor of 11113006 and 6278.
86
Calculate the highest common divisor of 118 and 11436619.
59
Calculate the greatest common factor of 402792 and 984.
24
What is the greatest common factor of 115149999 and 3628?
907
What is the greatest common factor of 95250 and 2379345?
1905
Calculate the highest common factor of 16718 and 2704026.
26
Calculate the greatest common divisor of 29 and 248108572.
29
What is the highest common factor of 40525694 and 172?
86
Calculate the greatest common factor of 12837 and 6592641.
33
Calculate the greatest common factor of 49770 and 2249730.
630
What is the greatest common factor of 7520520 and 120?
120
What is the greatest common divisor of 14720135 and 30?
5
Calculate the greatest common factor of 31 and 672537529.
31
Calculate the greatest common divisor of 2096 and 396560.
16
What is the greatest common factor of 113664 and 457505?
37
What is the highest common divisor of 28820894 and 2012?
1006
What is the greatest common divisor of 3498 and 36582720?
318
What is the greatest common divisor of 390 and 4161690?
390
What is the highest common factor of 262529 and 29020525?
3163
What is the highest common divisor of 4162440 and 3000?
120
What is the highest common divisor of 568013928 and 5448?
5448
Calculate the highest common factor of 10 and 337462.
2
What is the highest common divisor of 333022 and 206861?
269
Calculate the greatest common factor of 2024 and 710802994.
506
What is the highest common factor of 96162 and 9306?
3102
Calculate the highest common divisor of 10913243 and 99.
11
Calculate the greatest common divisor of 109235126 and 82082.
2002
What is the greatest common factor of 769676 and 13948?
1268
Calculate the greatest common factor of 79237 and 118184.
1343
Calculate the highest common divisor of 168 and 117008256.
24
What is the greatest common divisor of 920 and 238107040?
920
Calculate the highest common factor of 14400 and 27412800.
4800
Calculate the greatest common factor of 1428 and 5062638.
42
What is the greatest common factor of 3046387 and 7781?
251
What is the greatest common divisor of 63612 